 is -7514 + -35?
-7549
In base 12, what is -529 - -3b9?
-130
In base 5, what is -414 - -30120?
24201
In base 7, what is -20 + 54244?
54224
In base 3, what is -101202 - 1121?
-110100
In base 12, what is -102707 - 3?
-10270a
In base 11, what is -8 - 1929?
-1936
In base 8, what is -4 - -403114?
403110
In base 6, what is -314 + -44423?
-45141
In base 4, what is 3 + 121212003?
121212012
In base 12, what is -8 - -257b?
2573
In base 3, what is -222 + 12202210?
12201211
In base 15, what is 123 - 155?
-32
In base 12, what is -27698 + -12?
-276aa
In base 12, what is -1b396 - -3?
-1b393
In base 13, what is -4cc8 + -28?
-5023
In base 6, what is 232 + -3023?
-2351
In base 9, what is 151452 - -1?
151453
In base 2, what is -1001101100100010 + 100010?
-1001101100000000
In base 12, what is -3a7 - 4145?
-4530
In base 11, what is 5 + 25954?
25959
In base 7, what is 4362 - 455?
3604
In base 2, what is 1000000000000110 + 1?
1000000000000111
In base 5, what is -1302213 - -1?
-1302212
In base 15, what is 2 - -7018?
701a
In base 12, what is -18a + -16b?
-339
In base 16, what is -639e - -1?
-639d
In base 2, what is 1000100010001 - -10000111001?
1010101001010
In base 13, what is -171 + -2613?
-2784
In base 14, what is 820c5 + 7?
820cc
In base 13, what is 118 + 16?
131
In base 8, what is -11355 + -5?
-11362
In base 2, what is 1010 - 101000110?
-100111100
In base 13, what is -2 + -397a01?
-397a03
In base 7, what is -536 - 540?
-1406
In base 2, what is -10 - -111111001100001001?
111111001100000111
In base 5, what is -14442313 - 10?
-14442323
In base 2, what is -1000111000111111000 - 10?
-1000111000111111010
In base 8, what is 52 - 4444?
-4372
In base 5, what is 113002 - 14?
112433
In base 5, what is 11 - 21020404?
-21020343
In base 6, what is -153245 + 1?
-153244
In base 15, what is -3c7 + 162?
-265
In base 6, what is 1 + -450355?
-450354
In base 4, what is -111011 + -1122?
-112133
In base 9, what is -2 - -46318?
46316
In base 15, what is -2a4a - 27?
-2a72
In base 5, what is -23 + -1442134?
-1442212
In base 16, what is -1 - -2029f?
2029e
In base 16, what is -7b - 838?
-8b3
In base 8, what is 212135 - 5?
212130
In base 15, what is 5 - -be4?
be9
In base 10, what is -10 - 30477?
-30487
In base 6, what is 103 - 53553?
-53450
In base 5, what is -241 + -13143?
-13434
In base 16, what is -a4 + -c?
-b0
In base 13, what is -1292 - -c?
-1283
In base 5, what is -221 - 31?
-302
In base 14, what is -591 - -32?
-55d
In base 5, what is 30230 - -21?
30301
In base 4, what is 213223202 - 11?
213223131
In base 4, what is -3 + -112033302?
-112033311
In base 12, what is 25144 - -4?
25148
In base 16, what is -5 - 5341f?
-53424
In base 12, what is 66 - 233?
-189
In base 14, what is 166 - -d1a?
1082
In base 8, what is 13507164 - 2?
13507162
In base 4, what is -10102320 + 112?
-10102202
In base 15, what is -3d64 - 5?
-3d69
In base 7, what is 5 - -65660?
65665
In base 3, what is -12 - -2020221210?
2020221121
In base 13, what is -212c - -51?
-20ab
In base 13, what is 1919 + -2?
1917
In base 7, what is -152 - -13224?
13042
In base 10, what is -4476 - 40?
-4516
In base 10, what is -36780 + 30?
-36750
In base 12, what is -1378 - 24?
-13a0
In base 9, what is -31343 + 14?
-31328
In base 4, what is -13123103 + -2?
-13123111
In base 15, what is 2 - 8b3?
-8b1
In base 9, what is -457736 + -3?
-457740
In base 15, what is 2b - 64c?
-621
In base 7, what is 13 + 62?
105
In base 6, what is 105 + 3110?
3215
In base 10, what is 20 + 80661?
80681
In base 7, what is 0 - -252340?
252340
In base 11, what is 1089 - 355?
834
In base 14, what is 179 + 311?
48a
In base 8, what is -356 + 1534?
1156
In base 14, what is 184 - 382a?
-3686
In base 12, what is -42 + -8362?
-83a4
In base 4, what is 10212 + -3000?
1212
In base 8, what is 4 - 772202?
-772176
In base 16, what is -13 - -f1f?
f0c
In base 7, what is -43 - 4503?
-4546
In base 3, what is -1202202 - -2201102?
221200
In base 15, what is -2036c - -2?
-2036a
In base 4, what is -1210 + -111012?
-112222
In base 11, what is -2 + -1270?
-1272
In base 4, what is -10 + 321210122?
321210112
In base 15, what is -2d - 52?
-80
In base 7, what is 0 - -455104?
455104
In base 15, what is 3 + 2b7b?
2b7e
In base 16, what is -5 + -2044?
-2049
In base 8, what is -13 - 15042?
-15055
In base 11, what is 10 - -253457?
253467
In base 9, what is -3 - -6561?
6557
In base 10, what is 4765 + -377?
4388
In base 6, what is 5 - 155442?
-155433
In base 10, what is -4 - 4029?
-4033
In base 5, what is 22 - 113041?
-113014
In base 3, what is -111001202200211 - -1?
-111001202200210
In base 15, what is 5 + 2b8c?
2b92
In base 11, what is 1372 - -41?
1403
In base 4, what is 10 - -33223?
33233
In base 12, what is 2 + a0301?
a0303
In base 7, what is 0 + 355604?
355604
In base 16, what is -d0 - -e56?
d86
In base 16, what is 2b + 4af9?
4b24
In base 13, what is -32128 + 17?
-32111
In base 7, what is -1623600 - -1?
-1623566
In base 15, what is 9e42 - -1?
9e43
In base 6, what is -4215 - -3?
-4212
In base 5, what is -3430 - -131?
-3244
In base 13, what is -485b - -3?
-4858
In base 14, what is -18909 + -2?
-1890b
In base 14, what is -5 + 1a404a?
1a4045
In base 10, what is -345 - 137?
-482
In base 7, what is -230060 + 2?
-230055
In base 14, what is -60d - 52?
-661
In base 8, what is -1 + 1506300?
1506277
In base 6, what is -55243 - -121?
-55122
In base 9, what is -20 + -302288?
-302318
In base 2, what is -11011001 - 1?
-11011010
In base 2, what is 0 + 1000001100100000100?
1000001100100000100
In base 3, what is 11 + 2121001011102?
2121001011120
In base 7, what is 1 - -43332?
43333
In base 11, what is -213377 - 3?
-21337a
In base 14, what is -2 - -1c36?
1c34
In base 15, what is -21722 + -4?
-21726
In base 15, what is -5 + -3015a?
-30160
In base 8, what is -4045 - 13?
-4060
In base 3, what is -20000101221020 - 12?
-20000101221102
In base 12, what is -8 + -183736?
-183742
In base 8, what is 0 + -55555?
-55555
In base 6, what is -113111 + -20?
-113131
In base 16, what is -4 + 6c7c?
6c78
In base 14, what is -17b - -339?
19c
In base 6, what is -3 + -23051221?
-23051224
In base 10, what is 188480 - 3?
188477
In base 5, what is -10 - 2302213?
-2302223
In base 2, what is 10000001011101010101 - 11?
10000001011101010010
In base 6, what is -3453 - 15514?
-23411
In base 5, what is -10 + -433101?
-433111
In base 13, what is a9162 + -5?
a915a
In base 7, what is -2 + 34001?
33666
In base 5, what is -23 - -12012404?
12012331
In base 10, what is 28282 - 94?
28188
In base 7, what is 15355 + -5?
15350
In base 16, what is 706 + -90?
676
In base 5, what is -11312 - 3312?
-20124
In base 3, what is -10112 - -11101102?
11020220
In base 10, what is 1079 + 246?
1325
In base 14, what is -1412 + 2a?
-13c6
In base 4, what is 211223 + -1231?
203332
In base 6, what is 12 - -225200?
225212
In base 10, what is -4 + -446714?
-446718
In base 12, what is -3007 + -222?
-3229
In base 14, what is 5cac - -4?
5cb2
In base 6, what is -23 + 543444?
543421
In base 2, what is -110111100 + 11110111111?
11000000011
In base 14, what is -1933c - 14?
-19352
In base 12, what is -12347 + 2?
-12345
In base 5, what is 314 + 144423?
200242
In base 9, what is -1306 + 46?
-1250
In base 6, what is 13 + -214051?
-214034
In base 13, what is 1 + -233c58?
-233c57
In base 15, what is 2007 + -7?
2000
In base 5, what is 3 - 40033121?
-40033113
In base 16, what is 1d50 + -6?
1d4a
In base 11, what is -14928 + -2?
-1492a
In base 2, what is 101 - -11110011000111?
11110011001100
In base 12, what is 53 - 31?
22
In base 2, what is 10000010001001 + -100?
10000010000101
In base 13, what is -17 - -4193?
4179
In base 8, what is 5 + 44210?
44215
In base 16, what is -4 + -1f0?
-1f4
In base 14, what is -a - 25157?
-25163
In base 4, what is 12 + -2123232022?
-2123232010
In base 13, what is -170a82 - 3?
-170a85
In base 5, what is 20031 - 1042?
13434
In base 6, what is 10 + 2300?
2310
In base 15, what is 193e0 - -2?
193e2
In base 13, what is c1029 + b?
c1037
In base 7, what is 2 - 245243?
-245241
In base 9, what is 6084 + 436?
6531
In base 15, what is 1ba77 - 1?
1ba76
In base 2, what is -101 + 1000000011101011?
1000000011100110
In base 16, what is -6ca3e - 5?
-6ca43
In base 7, what is 234060 + -2?
234055
In base 14, what is d2a73 + -2?
d2a71
In base 15, what is 1ac53 + -15?
1ac3d
In base 2, what 